 = y - 14. Is y a multiple of 11?
True
Is (2/6)/(2/60) a multiple of 3?
False
Let r(a) = 2*a**2 + 5*a - 3. Suppose 5*h + 13 + 12 = 2*z, -2*h - z = 10. Is r(h) a multiple of 9?
False
Is 12 a factor of (3/(-9))/((-1)/78)?
False
Let t(q) = q**2 + q - 1. Let c be t(-2). Let l = c - -3. Is l even?
True
Suppose z = 1, -2*d - z = 4*z - 37. Let x = 50 - 45. Suppose -2*k + 2*t + 2*t = -d, -2*k - x*t = 11. Does 2 divide k?
True
Let f = 0 + 3. Suppose 6 - f = w. Is 10 a factor of (1 - 31)*(-2)/w?
True
Suppose 2*u + u = 24. Suppose u = -4*n + 2*n. Does 12 divide 6/n*16/(-2)?
True
Let d = -6 + 8. Suppose 2*n - 25 = -2*n + 5*w, 4*w + 8 = d*n. Is n a multiple of 10?
True
Does 13 divide (45/30)/((-6)/(-328))?
False
Let h be (16/28)/(2/7). Let b(q) = 0*q**3 + q**3 + 3*q**2 - h*q + 4 - q. Is b(-3) a multiple of 13?
True
Let l(t) = t - 2*t + 3 - 22*t. Let p be l(2). Let v = -31 - p. Is 6 a factor of v?
True
Let o be (-5 - 0)/(1 + -2). Suppose -33 = -o*u + 47. Does 13 divide u?
False
Let j be 9/6*(-4)/(-2). Suppose -j*n + 8 = y - 6, n - 10 = 5*y. Suppose 190 = n*r + 5*v, -2*r + 4*v + 58 = -r. Does 12 divide r?
False
Let g = -9 + 18. Let w = g - 6. Is ((-11)/(-3))/(1/w) a multiple of 6?
False
Suppose -4*h = -4*k + 796, -2*h - 394 = -2*k - 2*k. Let q = h - -308. Suppose -4*v + 81 = 3*c - 3*v, v = -4*c + q. Is c a multiple of 13?
True
Let a = -28 + 41. Is 7 a factor of a?
False
Let j = -255 + 428. Does 12 divide j?
False
Is 15 a factor of 2/8 + (-299)/(-4)?
True
Let l be (-3 - -5)/((-4)/2). Let r = -9 + l. Is 16 a factor of (-40)/(-3)*(-24)/r?
True
Let w(f) = -f**3 - 29*f**2 - 7*f + 49. Is 14 a factor of w(-29)?
True
Let s(o) = o**3 - o**2 - 5*o. Let n be s(6). Suppose 4*k + k = n. Suppose z - k - 19 = 0. Does 17 divide z?
False
Let w(j) = 19*j**2. Let r be w(-1). Let b = r + -11. Let n = 20 - b. Is 8 a factor of n?
False
Suppose 3*q = 5*j + 46, -3*q + 48 = -q + j. Suppose -q - 2 = -2*b. Is 12 a factor of b?
True
Let d = 13 + 40. Is 12 a factor of d?
False
Let w be 3 - 3/(-1 + 0). Suppose 0 = w*l - 8*l + 26. Is l a multiple of 13?
True
Let l = -10 - -25. Is 15 a factor of l?
True
Suppose 2*z + 3*q + q = 216, 0 = -z + 5*q + 80. Is 20 a factor of z?
True
Suppose 4*t - 12 = 3*s - 109, 4*t - 43 = -s. Does 4 divide s?
False
Let f = 0 - -22. Does 11 divide f?
True
Suppose 4*b - 15 = -4*t + 21, -t + 36 = 4*b. Is 9 a factor of b?
True
Let j(v) = -11*v - 2. Let h be j(-2). Suppose 9*n - h = 5*n. Is n a multiple of 2?
False
Let l = -226 + 139. Let q = 156 + l. Is q a multiple of 23?
True
Suppose h = 0, -13 = 2*f - f + 5*h. Let y be -1*(-1 + (-24 - -2)). Let i = y + f. Does 5 divide i?
True
Suppose d = -3, -2*m - 3*m + 4*d + 23617 = 0. Let i = -2589 + m. Does 24 divide (-4)/18 + i/36?
False
Let v = 215 + -145. Let t = -3 + 5. Suppose 2*p - 42 = -2*g, -t*g + 6*p + v = p. Does 12 divide g?
False
Suppose -r - 26 + 10 = 2*g, 0 = g + 5. Let j be 47/r + (-2)/12. Let d = j - -14. Does 6 divide d?
True
Let m(j) = -j**2 - 8*j - 9. Let y = 14 - 21. Let t be m(y). Is (-3)/12*t*16 a multiple of 4?
True
Does 37 divide (-4)/((-4)/96*1)?
False
Suppose -5*f - 5*t + 10 = 0, 0 = 4*f + 2*t - 11 + 3. Suppose 5*d = 5*v + 125, -5*d + v + f*v = -119. Does 19 divide d?
False
Let q(g) = 3*g**2 + g + 5. Let f be q(-4). Suppose -2*p - c = -f, -3*p - c = -6*c - 41. Does 11 divide p?
True
Let a = 121 + -5. Does 58 divide a?
True
Let k be (-2 + 1)/(3/(-90)). Suppose k = 3*v - 42. Is v a multiple of 24?
True
Let v = -109 + 181. Is 24 a factor of v?
True
Let a(g) = -g**2 + 12*g + 4. Let b(t) = -t**2 + t. Let w(m) = a(m) - 3*b(m). Is w(-7) a multiple of 17?
False
Let l be (-9044)/(-36) + 2/(-9). Suppose 9*x - 2*b = 4*x + 263, -5*x = b - l. Is x a multiple of 26?
False
Let n(w) = 0 + 2*w - w - 3. Let d be n(6). Suppose -d*a + 20 = -a. Is a a multiple of 4?
False
Suppose 0*u - 144 = -u. Suppose -8*c + 4*c + u = 0. Is 12 a factor of c?
True
Let g be (0 + 1 + -1)*1. Let z = -42 + 44. Suppose p + 5*o - 49 = g, p - 3*o + z*o - 19 = 0. Is p a multiple of 12?
True
Let q = 501 + -283. Is q a multiple of 11?
False
Let c = 39 - 26. Is 13 a factor of c?
True
Is -1*(-9)/2*16/3 a multiple of 6?
True
Suppose 5*j - 9*j = 0. Does 18 divide (36 + j)/(8/12)?
True
Suppose -5*z + 4*j + 15 = -7, 0 = -2*z + 2*j + 10. Does 2 divide z?
True
Let y(g) be the second derivative of g**4/12 + g**3/2 + 5*g**2/2 - g. Let z be y(-4). Let i = 4 + z. Does 6 divide i?
False
Let x be (-5)/(-2)*42/15. Let o = 47 - x. Is 14 a factor of o?
False
Suppose 4*h + 5*q - 335 = 0, h - 17 - 64 = -4*q. Is h a multiple of 17?
True
Let b(f) = f**3 - 4*f**2 - f - 8. Is b(5) a multiple of 7?
False
Suppose -2*v + 4*v - 6 = 0. Let r(p) = -2*p**2 - 4*p**3 + 34 + 5*p**v + p**2 - p. Is 12 a factor of r(0)?
False
Suppose 13 = s - 172. Does 14 divide s?
False
Let a = 11 + -8. Suppose 0 = -2*d - d + 18. Let m = a + d. Does 4 divide m?
False
Suppose -4*u - 86 = -5*u. Suppose 3*a = u - 5. Is 13 a factor of a?
False
Let z = -34 + 48. Is z a multiple of 6?
False
Let b(o) = -o**2 + 4*o - 3 - 2 - 12*o. Let y be b(-7). Suppose -3*s - 2*s + 75 = z, -5*s + 80 = y*z. Does 7 divide s?
True
Let v(a) = a - 7. Let c be v(8). Let b be (0/(-7))/(c*-2). Suppose 4*z + s - 132 = b, 3*z = 2*z - s + 33. Does 11 divide z?
True
Suppose -19*d + 125 = -14*d. Does 5 divide d?
True
Suppose -15*o = -12*o - 21. Does 5 divide o?
False
Let z be -1 + (-3 - -1) + 5. Suppose -2*l + 10 = -v, 3*v = -2*l - 2 + 12. Suppose 6*n + q - 29 = z*n, 4*n - l*q = -1. Is 3 a factor of n?
True
Is 9 a factor of ((-6)/7)/((-2)/168)?
True
Suppose -n + 3 = -p + 2, -4*p = n + 4. Suppose -4*t - t = n. Suppose t = -4*s + 6*s - 52. Does 13 divide s?
True
Suppose 197 = 5*u - 3*k, -5*u = -0*k - 5*k - 205. Does 10 divide u?
False
Suppose -11 = 3*r - 5*r + t, 5*t = -4*r + 1. Let m be (12/(-9))/r*-12. Suppose 25 = m*p + 1. Is 3 a factor of p?
True
Does 17 divide ((-18)/8)/(39/(-832))?
False
Let c(k) = 4 + 10 - 24 - k**2 + 13*k. Is c(9) a multiple of 26?
True
Let q(j) = 2*j**2 + j + 1. Let a(w) = -w**3 - 9*w**2 - 9*w - 9. Let m be a(-8). Let o = m - 1. Is q(o) even?
False
Let w = -5 - -14. Is w a multiple of 9?
True
Let w(v) = -2 - 3*v**2 + 0 + 0*v**2 - v**3 + 7*v**2 + v. Let l be w(4). Suppose -5*u - l*k = -90, 5*u = 4*k + 53 + 37. Is 9 a factor of u?
True
Let g = -5 - -9. Suppose -77 = -3*u - 4*y, -u + 0*u - g*y = -31. Suppose 2*r - u = -9. Is r a multiple of 7?
True
Suppose 4*a = 15 + 21. Suppose 5*j - 49 = -a. Is 8 a factor of j?
True
Let z = 7 - -19. Is z a multiple of 10?
False
Let l be 4/8*(1 - 1). Suppose l = u - 3. Suppose 0 = -5*y + 4*x - u*x + 76, y - 4 = 3*x. Does 8 divide y?
True
Let k(l) = -l**2. Suppose -2 = -x + 3*x. Let h be k(x). Let z(p) = 27*p**2. Is z(h) a multiple of 14?
False
Let g(y) = -y**2 + 20*y + 20. Is g(10) a multiple of 16?
False
Suppose 0 = -3*h + h - 42. Is 2*(2 - 0 - h) a multiple of 26?
False
Suppose 85 = 4*u - 167. Is 5 a factor of u?
False
Let c = 2 + 2. Suppose -5*b + d - 6 = 30, -c*b = 3*d + 44. Let t(r) = r**3 + 9*r**2 + 8*r + 2. Does 2 divide t(b)?
True
Let l = 95 - -64. Suppose 1 + l = 4*p. Let a = -24 + p. Is 13 a factor of a?
False
Let z = 75 - 1. Is z a multiple of 17?
False
Let p(z) = -z + 53. Let s be p(0). Suppose f = 2*f - s. Is f a multiple of 20?
False
Let f be 4/8*(1 - 1). Suppose f = -2*r + 88 - 16. Is 12 a factor of r?
True
Let p be (5/(-2))/((-1)/(-2)). Suppose 4*h - 4 - 12 = 0. Is 18 a factor of h/10 - 178/p?
True
Suppose -4*c + 3*m - 37 - 6 = 0, 0 = 4*c + 2*m + 18. Let x = c - -7. Suppose -28 = -i + 4*f - 0*f, -f - 2 = x. Does 7 divide i?
False
Suppose -2*s - s + 6 = 0. Suppose -125 = s*f - 7*f. Is f a multiple of 13?
False
Let b(a) = 11*a + 1. Let t be b(1). Suppose 0 = -3*f - t, 2*f + 2 = -4*r + 74. Is 8 a factor of r?
False
Suppose 0 = -4*y + 506 + 14. Is y a multiple of 12?
False
Let h = 26 + 16. Suppose k + 0*k = 2*y - 39, 2*k = 2*y - h. Suppose -y = -g - g. Is g a multiple of 4?
False
Suppose g - 5*x = 30, -g - 3*x + x = -16. Is 4 a factor of ((-15)/g)/(2/(-16))?
False
Let i(b) = 2*b. Let g(y) = 3*y**2 + 2*y - 2. Let x be g(-2). Let z be x/(5 - (3 - 0)). Is i(z) a multiple of 3?
True
Let b be (49/21)/((-2)/(-126)). Let p = b - 375. Does 14 divide p/(-16) - (-1)/(-4)?
True
Suppose 0*w + 5*w + 86 = -3*t, -5*w = 20. Let l = t - -43. Is l a multiple of 5?
False
Let i =